 -y**3 + 6*y**2 + 8*y - 6. What is the units digit of s(7)?
1
Let v(c) = -c**3 - 6*c**2 - 2*c - 6. Let t be v(-6). Let h(r) = r**2 - 6*r + 4. Let m be h(t). Let o(d) = d + 1. What is the units digit of o(m)?
5
What is the units digit of 46*(-12)/(-32) + 6/8?
8
Let i = -9 + 11. Let o(l) = 2*l**2 - 2*l - 2. What is the units digit of o(i)?
2
Let g(j) = -j**2 + 4*j - 11. Let q(v) = 2*v**2 - 7*v + 22. Let w(d) = 7*g(d) + 4*q(d). What is the units digit of w(0)?
1
Let k(g) = 0*g - g + 8 - 3 + 2. What is the units digit of k(-9)?
6
Let u be -100*(21/(-12) - -1). What is the tens digit of (-15)/u - 492/(-10)?
4
Suppose -5*o + 265 = -0*o. Let q = -38 + o. What is the units digit of q?
5
What is the units digit of (11 + -113)*4/(-6)?
8
Suppose -102 = -5*q + 2*q. What is the tens digit of q?
3
Suppose j = -j + 4. What is the tens digit of 16 + 4 + j/(-1)?
1
Let f = 18 + -10. Suppose 0 = o - 0 - f. What is the units digit of o?
8
Let g(b) = 13*b + 72. What is the units digit of g(18)?
6
Let l(j) = -j. Let r(c) = 7*c - 4. Let n(u) = -2*l(u) - r(u). What is the tens digit of n(-2)?
1
Suppose -2*s - 10 = 5*o, -4*s + 0 = o + 2. Suppose -52 = -2*g - 20. Suppose -k + 3*k - g = s. What is the units digit of k?
8
Let g(y) = y**2 - 3. What is the units digit of g(4)?
3
Let p be ((-44)/(-6))/((-5)/(-15)). Let h = -1 + p. What is the tens digit of h?
2
Let p(f) = -f**3 - 4*f**2 + 3*f - 4. Let w be p(-5). Suppose -5*s = 4*l - 24, w*l - 2*l - s - 24 = 0. Suppose 0 = 2*y - l - 8. What is the units digit of y?
7
Let w(z) = 2*z**3 - 5*z**2 + 6*z + 3. What is the tens digit of w(4)?
7
Let l(z) = 10*z**2 - z + 1. Let t(n) = n - 1. Let k be t(2). What is the units digit of l(k)?
0
Suppose -2*u = 3*y + 2*u - 8, 0 = 2*u + 2. Suppose -6 + 28 = r + 2*t, 16 = 3*r - y*t. What is the units digit of r?
2
Suppose 17 = 4*h - 123. What is the units digit of h?
5
Suppose -4*y = -125 + 21. What is the units digit of y?
6
Let m(c) = c**2 + 2*c + 3. Let k be m(-3). Suppose -18 = -3*y + k. What is the units digit of y?
8
Let p be (-1)/(-3)*(-12)/(-2). Let r = -10 + 13. Suppose 0 = r*c + 6, -g + p = -0*c + c. What is the units digit of g?
4
Let u(a) = 3 + a - 3 + 1. Let w be u(2). Suppose 20 = c + w*c. What is the units digit of c?
5
Suppose -3*p - 17 = -v, 0 = 6*p - 3*p + v + 7. Let m be p/10 + 72/5. Suppose 10 + m = 3*b. What is the units digit of b?
8
Suppose -4 - 9 = -v. What is the units digit of v?
3
Let v = 10 + 0. Let o(b) = b**3 + b**2 - 2*b + 2. Let z be o(-3). What is the units digit of (8/z)/((-1)/v)?
8
Suppose -f + 4*m + m = 11, -4*f + 4*m = -4. Suppose 0 = 3*v - f*v + 14. What is the tens digit of v?
1
Let p(t) = t + 3. Let r be p(5). Suppose m - r = 5. Suppose 2*g - 12 = -2*g, -m = -4*f - 3*g. What is the units digit of f?
1
Suppose -9*u = -14*u + 350. What is the units digit of u?
0
Suppose 0 = d + 3*l + 11, -3*l - 2 = 4*d - 3. Let q be (d/(-6))/(8/(-12)). What is the units digit of (-4)/(-12)*q*27?
9
Let m = 17 + -1. What is the units digit of m?
6
Let q be 1 - 1 - (-2 - 11). Let r = 7 - q. Let i = 14 + r. What is the units digit of i?
8
Let h(w) = -w**3 - 6*w**2 + 10*w + 6. Let l be h(-7). Let m = 13 + -38. Let u = l - m. What is the units digit of u?
0
Let b = -220 + 414. What is the units digit of b?
4
Suppose 3*p = 2*s + 65, s - p = -3*p - 43. Let q be (s - (-1)/(-1))*-1. Suppose -2*l = -4*t + 34, -l = -3*t + 3*l + q. What is the units digit of t?
6
Suppose 0 = 3*s + 2*j - 166, -s + 5*j + 45 = -33. What is the tens digit of s?
5
Let r be (15 - -3) + 2 + 1. Let n = r - 14. What is the units digit of n?
7
Let y = 218 - 189. What is the units digit of y?
9
Suppose 5*p + 30 = 4*f, -4*f - p + 16 = -2. Suppose 0 = -f*c + 5 + 20. What is the units digit of c?
5
Let k(b) = 4*b + 10 - 4 - 3*b. Let u be k(-4). Suppose -5*g + v = -40, 2*g = 3*v + u*v - 7. What is the units digit of g?
9
Suppose 0 = -5*k + 3 + 2. What is the units digit of k/(1/6*2)?
3
Let y(d) = -d**2 + 8*d - 10. Let h be y(10). Let f = h - -43. What is the tens digit of f?
1
Suppose -22 = -s - 7. Suppose -41 = -4*a + 5*j, -3*a - j + 3*j + 22 = 0. Suppose -s = -a*g + 13. What is the units digit of g?
7
Let m(z) = -z**2 - 15*z - 12. Let n be m(-12). Let r = 1 + 3. Suppose -4*g = 2*w - 8, 0*w + 2*w - n = r*g. What is the units digit of w?
8
Let a = 289 - 66. What is the hundreds digit of a?
2
What is the units digit of 802*3/18 + (-9)/(-27)?
4
Let n = -1 + 15. Let t = 25 - n. What is the tens digit of t?
1
Let u = 446 - 236. What is the hundreds digit of u?
2
Suppose 6*g = g - 30. Let y be 2/g*0 - 0. Suppose -2*c + 12 = -y*c. What is the units digit of c?
6
Suppose -3*d + 62 = -4*l, -2*d - 142 = -7*d - 3*l. What is the tens digit of d?
2
Let w be (-1405)/(-10) + (-6)/(-4). Suppose w = -i + 3*i. Suppose -3*p + 58 + 7 = 5*a, i = 5*p - a. What is the units digit of p?
5
Let g = 617 - 341. What is the hundreds digit of g?
2
Let b(z) = z**2 + 4*z + 3 + 0 + 0*z**2 - z**3 - z. What is the units digit of b(-2)?
9
Let t be -1*2*12/(-8). Suppose -2*w = -3*b + 37, t*b - 21 = w + 11. What is the units digit of b?
9
Let v(r) = -22*r + 2. Let q(s) = -s**3 + 3*s**2 - s + 1. Let p be q(3). What is the units digit of v(p)?
6
Suppose 0 = 3*m - 274 - 152. What is the tens digit of m?
4
Let i be (1/5)/((-5)/(-25)). What is the units digit of (41/(-3) - i)*-3?
4
Let r be 10 + -3 + -3 + -1. Suppose 2*v - 17 = 2*p + p, -24 = -r*v + 5*p. What is the units digit of v?
3
Let f(g) = -g - 4. Let m = 12 - 6. Let r be f(m). What is the units digit of (r/3)/((-2)/3)?
5
Let a be 0*(-3)/(-6) + 2. Let q be 6*(a/(-3) + 1). What is the units digit of (q + -3)*-2*4?
8
Let c(d) = -d**2 + 8*d + 4. Let h be c(6). Suppose -3*q = -h - 14. What is the units digit of q?
0
Suppose 4*o + o = -100. Let r = 34 + o. What is the units digit of r?
4
Let f be (0/1)/(-5 + 6). Suppose 2*q - 80 = -f*q. What is the tens digit of q?
4
Let r(c) = -c**3 + 16*c**2 + 23*c + 9. What is the hundreds digit of r(17)?
1
Let t(d) = d**3 + 7*d**2 - 3. Let r be t(-7). What is the units digit of (-12)/((-9)/(-6) + r)?
8
Let g = -5 + 2. Let t = 11 + g. What is the units digit of t?
8
Let b be ((-12)/(-10))/((-1)/5). Let z(j) = -3*j + 23. Let c(k) = -2*k + 15. Let x(u) = 8*c(u) - 5*z(u). What is the units digit of x(b)?
1
Suppose 3*j + 0 = 27. Suppose 2*u - j = 7. What is the units digit of u?
8
Let v = -19 + 19. Suppose v = -6*j + 5*j + 25. What is the tens digit of j?
2
Let a(r) = 6*r - 2. Let j be a(-5). Let p be (j/24)/((-2)/12). Suppose -v + p = v + 5*d, v - 4*d = 30. What is the tens digit of v?
1
Let k(x) be the first derivative of x**4/4 + x**3/3 - 2*x**2 - 4. What is the units digit of k(3)?
4
Let a(v) = 2*v**2 - 2*v + 0*v - v. What is the units digit of a(2)?
2
What is the hundreds digit of 311/2 + (36/8)/(-3)?
1
Suppose 2*p = 10, -3*j - 5*p = 4 - 41. Let b(x) = -x**2 + 7*x + 4. Let g be b(5). Suppose -g = -j*r + 22. What is the units digit of r?
9
What is the tens digit of (261/(-6))/(9/(-24))?
1
Let z = -15 + 32. What is the units digit of z?
7
Let x be ((-6)/(-15))/((-1)/5). Let s = 1 - x. What is the units digit of s?
3
Let p = -190 + 413. What is the units digit of p?
3
Let p(n) = 4*n**2 - n. Let h = 10 + -10. Suppose -2 = -l - h. What is the units digit of p(l)?
4
Suppose k = 3*d - 19, 3*d + k - 9 = 14. What is the units digit of 8/28 + 103/d?
5
What is the hundreds digit of 908/7 + (-9)/((-378)/12)?
1
Let q(m) = 16*m. Let t(y) = -481*y. Let k(v) = 91*q(v) + 3*t(v). What is the units digit of k(1)?
3
Suppose -3*v - 45 = -5*h - 7*v, -3*h + 27 = 5*v. What is the units digit of h?
9
Let g = 119 + -79. What is the units digit of g?
0
Let l(j) = -j**2 + 12*j + 6. What is the units digit of l(7)?
1
Let c = -24 - -175. What is the hundreds digit of c?
1
Suppose 0 = -x - 0*x + 34. Let y = x + -16. What is the units digit of y?
8
What is the tens digit of (0 + -2)*7/(7/(-66))?
3
Let b(y) = 3*y - 1. Let h be b(1). Suppose h = k - 3. What is the units digit of k?
5
What is the units digit of 3/15 - (-145)/25?
6
Let o(w) = w**2 + 7*w + 15. Let v = -18 - -9. What is the tens digit of o(v)?
3
Suppose 5*w = 2*w - 3*a + 3, 3*a + 5 = -w. What is the units digit of w?
4
Let i = -45 + 74. What is the units digit of i?
9
Let w(g) = -3*g - 3. Let j be 2 + (-2)/(-1) + -7. What is the un